 value of 36 - 10 - 20 - (14 - 1)?
-7
Evaluate 1 - (-14 - (-59 + -26 + 36)).
-34
Evaluate -8 + -119 + 35 - -38.
-54
Evaluate (-9 + 2 - (-192 + 191)) + -44 + 17.
-33
-20 + 17 + -11 + 11 + -18
-21
What is 5 - (4 - -97) - (-993 + 959)?
-62
Calculate -14 + -12 + 26 - (-32 - (0 - 4)).
28
2 + (15 - 86) - (-17 - -1)
-53
-3 + (327 - 320) + 21 + -2 + 1
24
Calculate 40 - (30 + (1 - 2) - (2940 - 2928)).
23
204 - 205 - (-8 - (-6 - 0) - -84)
-83
What is the value of (-9 - 8 - -14 - -5) + -14 + (-2 - -3)?
-11
What is -3 + 42 - 50 - (3 - (57 - -3))?
46
What is the value of -41 + -52 + 35 + 22?
-36
Calculate 9 + 8 + 1 + 44 + -12.
50
Calculate -86 - -60 - (-9 - -1) - -48.
30
0 + (11 + 5 + -6 - 23) + -2 + 13
-2
Evaluate -46 + (2 - -6) + (16 - (25 + -9)).
-38
Calculate (71 - -7) + (-41 - -1).
38
What is -54 - (12 - 48) - (2 + -21) - (-81 - -6)?
76
What is the value of -128 + 16 + (-5 - -2) + -15 + 9?
-121
-1 + -13 + (300 - 137) + -124
25
What is 51 - 2 - (46 + -45) - -6?
54
-1 - (-13 - (1 - -20 - 49))
-16
Evaluate -16 - (-19 - -34) - (-2 + -4).
-25
6 - (16 - 4) - -5 - ((0 - 39) + -1)
39
Evaluate 32 + (-19 - -18) + -94 + (0 - 2).
-65
Calculate -2 - 3 - (-62 - -4) - (-123 - -128).
48
32 + (-7 - 0) + (-3 - -37) + -35 + 15
39
Evaluate 100 + -104 - (21 + -6 - 9) - -128.
118
What is 3 + 35 - 8 - (-24 + 8 - -8)?
38
Calculate (1 + -5 - ((5 - 50) + -3)) + 321 + -319.
46
-26 - (33 - 34) - -3 - -113
91
(-937 - -928) + (9 - 10) + (-14 - -1)
-23
What is the value of 0 + -1 - 11 - (450 - 171 - 400)?
109
-15 - 22 - -30 - (-100 + 2 + -4 - -2)
93
Calculate -11 + (37 + 47 - 30).
43
What is the value of 52 + -5 + (10 + -4 - -12 - 11)?
54
Calculate -22 + (11 + 2 - -1) + (12 - 12 - 3).
-11
What is the value of -5 + (-5 - -11) + -8 - (3 - 12) - -4?
6
Evaluate -22 - ((-31 - -20) + 7) - (-24 + 1).
5
-42 - 7 - (-7 + (-2 - -6) + (0 - -7))
-53
Calculate (-56 - -67) + -22 + 59.
48
What is the value of 3 + -10 + (-35 - -10)?
-32
What is 37 - (-137 - -120 - (0 + -17))?
37
What is the value of 6 - 14 - 16 - (-6 - (0 - 5))?
-23
What is the value of 2 - (-4 + 21) - (-467 + 469)?
-17
What is -95 - (-22 + 30 + -52 - -13)?
-64
What is -50 - (64 + 4 + -171)?
53
What is the value of 25 + 12 + 7 - 39 - (0 - -4)?
1
Evaluate -106 - -119 - 23 - 85.
-95
What is -373 - -386 - (-1 - -37) - 1?
-24
What is the value of 429 + -494 - (1 + 2 - -9 - (1 + -1))?
-77
What is (-12 - (-39 + 17)) + (-11 - -4) + 15?
18
What is the value of -13 + 9 + 22 + 1 + -11?
8
Calculate 20 - (34 + -5 - 69).
60
Evaluate (-33 - 19 - -75) + -38.
-15
Calculate (-34 - 1) + (6 - (6 + -19) - 13).
-29
What is -3 + (-4 - -25) + (-19 - -7)?
6
-23 + (37 - 2) + -74
-62
Evaluate -9 + (-16 - (31 + -32) - (0 + -53)).
29
Evaluate 156 + (-41 - 73) - 42.
0
What is 85 - (-54 + -68 + 261)?
-54
Calculate 2 + 2 + 3 + (3 - (-3 - -47)).
-34
What is -35 - (-78 + (-31 - -65)) - (-36 + -1)?
46
Calculate 20 + -9 - (2 - 23).
32
24 - (-2 + 27 - (-49 - -55))
5
What is the value of 5 + (4 - -3) + -20 + 7 - (9 + -1)?
-9
What is the value of (8 - 8) + 1 + 54 + (328 - 309)?
74
Calculate 43 - -9 - 48 - (-2 - (-9 - -2)).
-1
Calculate -1 + 0 + (-5 - -2) + (-50 - -57).
3
What is the value of -44 - (-84 - (19 - 19))?
40
Evaluate (3 + 5 + 18 + -20 - -34) + -1.
39
Calculate -9 + -18 + 10 + -22 + 15.
-24
Evaluate -1 + -85 + -330 + 492.
76
Calculate 12 + (11 + 0 + (34 - 40) - 27).
-10
0 - (22 + -16 - 8) - (4 + -3 + 155)
-154
What is the value of 98 + -87 + -1 - (-18 + 1)?
27
Evaluate 23 + -11 + -44 + 57 - 25.
0
What is the value of (-15 + 26 - 34) + (75 - -5)?
57
Calculate 14 + (-13 - 75) + (2 - 4).
-76
What is 107 + -115 + (0 - 3 - 2) - 101?
-114
What is the value of 36 - 24 - 3 - (6 - (-39 - -6))?
-30
What is the value of 2 - (-1 + 21) - (31 + -16 + -10)?
-23
0 + (0 - -31) + 7
38
What is the value of -37 + 9 + -47 + 5 + 3?
-67
Calculate (4 - -44) + (196 - 244) - (-2 - -19).
-17
Calculate 79 - ((-46 - -45) + 36).
44
Evaluate 54 + (49 - 48) + -23.
32
49 - 81 - (40 + -24)
-48
-8 + 46 + -80 + -19
-61
What is -2 + (3 - -2) - 2 - (232 - 94 - 120)?
-17
Calculate (-8 - (-4 + -2)) + 7 + 11 + -19 + 1.
-2
Calculate 9 - -87 - 8 - (-6 - 30 - -53).
71
Evaluate 1 + -4 + (-4 + -21 + 16 - -5).
-7
(18 - (54 - 33)) + -8 + (-2 - 6)
-19
(293 - 292) + 0 + -1 + (0 - -28)
28
Calculate -15 + (10 - (-2 + -5)).
2
124 + (132 - 82) + -121
53
What is -6 + -10 - ((5 - -2) + (30 - 28))?
-25
Calculate (-8 - -91) + -59 - (-3 - 3).
30
Evaluate 80 - (107 - (-106 + 150)).
17
Calculate -1 + (-3 + (1 - 3) - (337 - 343)).
0
What is the value of -8 + 0 - (-2949 - -2938)?
3
Calculate 16 - ((-37 - -14) + 9).
30
What is -86 + -2 - (-1751 + 1720)?
-57
128 + (-137 - (-119 - 17))
127
Evaluate 14159 - 14191 - (-11 + 0 + -1).
-20
Calculate (-1 - (10 + -54)) + -12 + 8 + (-1 - 5).
33
-51 + 193 + -52 - 44
46
Calculate -10 + 1 - 2 - (152 + -75 + -118).
30
-19 - 4 - (-8 + (6 - 2) + 3 + 5)
-27
Evaluate -9 - (13 + -8 + -28 - (-4 - -13)).
23
What is 0 - -93 - (35 - (-36 - -24))?
46
Evaluate (-16 - (-47 - (3 - -1) - -22)) + -163.
-150
Evaluate 22 + (-12 + -6 - -9) + 12.
25
-7 - ((-18 - 4) + 48 + -3)
-30
Calculate 2573 - 2586 - ((14 - 0) + -2 - -1).
-26
What is the value of 469 + -521 + (1 - -53)?
2
What is -51 + (21 - 108) - (-24 + 30)?
-144
What is -2 - (-10 + -9) - 10 - -4 - 65?
-54
Evaluate 72 + (22 - (-44 + 77)).
61
What is 56 + (101 - 117 - (3 - (-3 + 14)))?
48
What is the value of (48 - -100) + -55 + -70?
23
Calculate -5 - 9 - (-10 + -1) - (-3 + -58 - -2).
56
Calculate 2 - ((12 - -8) + -24) - 23.
-17
What is the value of 475 - 489 - (0 + -71)?
57
32 - (24 + -46 + 19 - 3)
38
-49 + 11 + 35 + -24 + 22
-5
-726 + 598 - (-5 + 1 + 3 + (7 - 18))
-116
Calculate 0 + (-25 - -14) + 34 - (-5 - 0).
28
Evaluate -5 - (3 + -91 + 54).
29
Calculate -62 - (-4 - (-32 + 72)).
-18
Evaluate (190 - 179 - (-1 + 11)) + (68 - 0) + -1.
68
Evaluate 5 - 7 - (-13 - 0) - (-421 - -413).
19
What is (171 - 167) + (-4 - (8 + 20))?
-28
(3 + 27 + -32 - -41) + (0 - -2) + -2
39
What is 7 + (2 + -1 - (-20 - -11)) + (-37 - -34)?
14
Evaluate 3 + 5 + -4 + 12.
16
What is (88 + (-1 - -7) - 8) + 23 + (-8 - 14)?
87
What is the value of -76 - ((-93 - -45) + 31)?
-59
What is the value of 2 + 112 + -1 + -3 + 5007 + -5023?
94
Evaluate 0 + 34 + -8358 + 8226.
-98
Evaluate -12 + (-11 + -6 - (76 - 86)).
-19
-2245 - -2211 - (27 + -2)
-59
-8 - (15 - 18) - (-13 + -6 + 3)
11
Calculate 1 - 65 - (-10 - (-1 + -15 + 19)).
-51
Evaluate 8 + (-4 + 9 + -8 - 6) + 48 - -8.
55
What is the value of -2 + 2 + -4 - ((1584 - 1577) + (22 - -2))?
-35
What is the value of (10 - (43 + -8)) + (58 - 80)?
-47
Evaluate 200 + -15 - 76 - 26.
83
Evaluate 53 + -103 - (0 - -12).
-62
Calculate -6 + -8 - (-57 - -50) - -9.
2
(-6 - (-2 + 0) - -34) + (17 + -84 - -67)
30
Evaluate 30 + (-6 - (-37 + -16) - 93).
-16
70 + (113 - 185) + -70
-72
-2 + (9 - (-7 + 62 + 2))
-50
Calculate 27 - (22 + (-16 - 11) - -30).
2
6 + 3 + (-10 + -14 - -12)
-3
(-14 - (13 - 14) - -3) + 12 - 22
-20
What is the value of 72 - 1 - (-312 - -348)?
35
Calculate (19 - 1) + (-3 - (-8 + 0)) + -10.
13
(5 - 16) + 2 + 10 + 17 - -15
33
(-74 - -19 - 12) + 142
75
129 + (-27 - (16 - (-2 - (-6 + -20))))
110
(27 - 17) + 1 + (8 - -53 - 2) + 10
80
Evaluate 66 - (10 + -21 - (9 - 17)).
69
What is the value of -23 + (140 - 134) - (-16 + 1)?
-2
Evaluate ((37 - -3) + -33 - 99) + 29.
-63
Evaluate -171 + 201 + (-24 - -46).
52
What is (-8 - (2 + 1)) + 52 + (-11 - (3 + -3))?
30
What is (-3013 - -3032) + -48 + 1?
-28
What is 4 + -19 - (-52 - (-33 + 57))?
61
What is 12 + (-1501 + 1489 - (-1 - (11 - 1)))?
11
Evaluate (50 - 41) + 193 + -110.
92
What is -126 + (49 - 21) + -35 - -35?
-98
What is 2 + -4 - -8 - -17?
23
What is 378 + -363 - ((67 - 65) + 0 + 7)?
6
Evaluate 19 + (5 - 0) + 121 + -133.
12
(0 - -8) + -15 + (7 - (-1 + (-5 - -2)))
4
Evaluate -93 + (74 - 3) + -34.
-56
Calculate 21 + (-63 + -4 - (15 - (32 - 40))).
-69
Calculate -22 + (-36 - -36) + (50 - 13).
15
Evaluate 41 - (-26 + -24 - -45).
46
What is the value of (-45 - -1) + -14 + 33 + -9 + -9 + -7?
-50
What is the value of -1 - (47 + -37 + (-2 - -1) + 73) - 7?
-90
What is -11 + (-12 - ((3 - -2) + -9) - -9)?
-10
What is -13 + -3 - (-19 + 1) - -41?
43
Evaluate -1 + (-119 - ((-9 - -29) + -24 + 8)).
-124
Calculate -12 - (13 - (-13 + 7 - 6 - -19)).
-18
Calculate (-23 + -30 - -27) + 11 + -22.
-37
-1 + 18 - (-23 - -6